- 172/(-6)?
27
Let q = -34 + 53. Suppose q = 5*c - 26. Suppose -8*i + 153 = i. What is the remainder when i is divided by c?
8
Let d be ((-10)/4)/(4/40). Let x = 77 + d. Let s = x + -15. What is the remainder when s is divided by 19?
18
Let y = 4 - 17. Let p = y + 26. Calculate the remainder when 25 is divided by p.
12
Let u = 109 + -73. Suppose 3*j + 9 = u. Calculate the remainder when j is divided by 5.
4
Let m be (21/(-12) - -3)*24. Suppose -p + 2*v + m = 0, p + 2*p - 2*v = 82. What is the remainder when p is divided by 14?
12
Let v(f) = f - 8. Let w be v(11). Let g = w + -4. What is the remainder when 16 is divided by 6 - (3/g + 0)?
7
Suppose -4*j - 30 = g + g, -3*j + 12 = 0. Let m = -5 - g. Calculate the remainder when 34 is divided by m.
16
Suppose 4*o = -4*w + 16, -w + 6*w + 2*o - 8 = 0. Let c(r) = -r**3 + r + 40. Calculate the remainder when c(w) is divided by 14.
12
Let s be (3/(-5))/(4/(-40)). Suppose -v - 125 = -s*v. Calculate the remainder when v is divided by 13.
12
Let a(v) = -28*v**3 - 2*v**2 - v. Calculate the remainder when a(-1) is divided by 10.
7
Let n = 61 + -29. Let k = 4 + 0. Suppose -k*j = -n - 28. What is the remainder when 43 is divided by j?
13
Calculate the remainder when ((-2)/8)/(4*3/(-3984)) is divided by 18.
11
Let a = -9 + 43. What is the remainder when 66 is divided by a?
32
Let y = -19 - -45. Let k = y + -13. What is the remainder when (-37)/(3 + -1 + -3) is divided by k?
11
Let v(y) = y**3 + 8*y**2 + 6*y - 5. Suppose 7 = -3*q + 3*w + 25, 2*q - 4*w = 18. Calculate the remainder when q is divided by v(-7).
1
Let y(z) = z + 6. Let b be y(-6). Suppose h + 2*s - 44 = b, -3*h + 4*h - 5*s - 44 = 0. Suppose -18 = -3*p + 27. Calculate the remainder when h is divided by p.
14
Let r be (-6)/((-5)/(5/2)). Suppose 0 = r*l - 2*l - 3. Calculate the remainder when l is divided by 1.
0
Let c(z) = -z**3 + 5*z**2 + 7*z - 3. Let y be c(6). Suppose -h + y*h - 54 = 2*i, i = 1. Calculate the remainder when 109 is divided by h.
25
Calculate the remainder when 106 is divided by -4*1/(-12) + (-220)/(-6).
32
Let h(z) = -5*z - 3. Suppose -4*o = -9*o - 20. What is the remainder when h(o) is divided by 9?
8
Let u = 27 + 152. What is the remainder when u is divided by 14?
11
Let n = -15 - -19. Calculate the remainder when 5 is divided by n.
1
Let r be (4/(-7))/(8/(-28)). Calculate the remainder when r + 61 + 0 + -1 is divided by 21.
20
Let t = 36 + -17. Let a(k) = 8*k - 1. What is the remainder when t is divided by a(1)?
5
Let m(p) be the second derivative of p**4/12 - 4*p**3/3 + 3*p**2/2 + 3*p. Calculate the remainder when m(9) is divided by 7.
5
Suppose -26 = 6*x - 122. What is the remainder when x is divided by 13?
3
Let c = -10 - -19. Let r = c + -5. What is the remainder when r is divided by 2?
0
Suppose 5 = 2*g - 0*g + q, q = 5*g - 30. Suppose -g*x + 27 = -83. What is the remainder when x is divided by 12?
10
Let j be (0 + 2)/1 + 7. Let l = j - 5. Suppose -13 = -l*w + 15. What is the remainder when 25 is divided by w?
4
Suppose s - 5 - 25 = 0. What is the remainder when 55 is divided by s?
25
Suppose 4*x = -19 + 71. Let u be (-6)/3 + (0 - 72). What is the remainder when (-1)/(1/u*2) is divided by x?
11
Calculate the remainder when 23 is divided by -33*(-3)/(-27)*-3.
1
Let w(c) = -19*c + 3. Let s be w(-6). Let f = s + -71. What is the remainder when f is divided by 12?
10
Let k = -20 + 4. Calculate the remainder when (76/(-6))/(k/24) is divided by 7.
5
Suppose -2*b = -5*x - 12, -5*b = -b - x - 24. Let p = 19 + -3. What is the remainder when p is divided by b?
4
Suppose -f + 5*q + 11 + 8 = 0, 2*f - 4*q - 44 = 0. Suppose 0 = a - 0*a - f. What is the remainder when a is divided by 13?
11
Let m = -402 - -611. What is the remainder when m is divided by 53?
50
Suppose -4*b - 4 = -8*b. What is the remainder when (-40 - -3 - -2)/(-1) is divided by (b/(-2))/((-2)/48)?
11
Suppose d - 9 = 4. Suppose -b = -4*b. Suppose -2*i = -b*g + 5*g - 200, -2*g = 5*i - 101. Calculate the remainder when g is divided by d.
12
Let a = 1 + 23. Calculate the remainder when 167 is divided by a.
23
Suppose 0 = -2*y - 2*y + 16. Calculate the remainder when 10 is divided by y.
2
Suppose 0 = 4*a + 2*x - 8, 5*a - x = -3*x + 9. Suppose 4*r + 11 = 5*o, 5*o + 4 + 5 = -r. Calculate the remainder when a is divided by 6/4 - (-2)/r.
0
Let c = -11 - -9. Suppose -3*s - l = -0*s - 28, 40 = 3*s + 4*l. Let y = c + s. Calculate the remainder when y is divided by 2.
0
Suppose 5*h - 20 = 0, -4*k + 5*h - 35 = -k. Let x = k - -5. Suppose x*w = -2*w + 10. What is the remainder when 9 is divided by w?
4
Suppose 5*b = -0*b - 115. Let t = b + 35. What is the remainder when t is divided by 7?
5
Suppose -2*u - 53 = 7. What is the remainder when (-114)/u + (-1)/(-5) is divided by 2?
0
Let r = 1 - -5. Suppose 61 = 5*x + r. What is the remainder when 20 is divided by x?
9
Let m be 4/6 - (-39)/9. Suppose n - 7 = -3. Suppose -n*i = -m*i + 27. Calculate the remainder when i is divided by 14.
13
Let o(z) = -2*z**3 + 4*z**2 + z + 1. Let b be o(-3). Suppose -22 = -5*s + b. What is the remainder when s is divided by 12?
10
Let u = 4 + -5. Let d = -15 - -23. Let g = u + d. What is the remainder when 12 is divided by g?
5
Suppose 4*h - 16 = 20. Suppose u - 23 = -2*x + 1, -3*x = -12. Calculate the remainder when u is divided by h.
7
Let f be -2 + (-7 - (-2)/2). What is the remainder when 1 is divided by (1/(-2))/(4/f)?
0
Suppose 3*r = 5*f + 569, 0 = r + 3*f - 0*f - 185. Let i = r - 22. What is the remainder when 62 is divided by (-1)/(-4) + i/8?
20
Let w be ((-4)/(-6))/((-2)/(-9)). Suppose -4*o = s - 18, w = o + 4. Let i(d) = d + 3. Calculate the remainder when s is divided by i(5).
6
Let l be -3*6/(-9) + 2. Suppose -l*f + 45 = -f. Suppose -t = -5 - f. Calculate the remainder when t is divided by 11.
9
Let o be -1 - 1/((-2)/6). Suppose -o*q = -17 - 1. Calculate the remainder when 16 is divided by q.
7
Let n = 6 + 0. Suppose -4*w = -22 - n. Suppose -k - c + 33 = 3*c, 51 = 2*k + 5*c. What is the remainder when k is divided by w?
6
Suppose -4*f - 3*h + 418 = f, -3*f - 2*h = -250. What is the remainder when f is divided by 22?
20
Suppose -3*o - 70 = -8*o. Suppose -3*p + 7*p - y - 21 = 0, -5*p + 4*y = -40. Calculate the remainder when o is divided by p.
2
Let l be (6/(-4))/((-3)/10). Suppose l = -5*n - 15, -2*n - 18 = 5*y. Calculate the remainder when 0 + y*(-4 + 3) is divided by 2.
0
Suppose 4*t = -3*x + 6, -2*x - t + 3*t = -4. Suppose 64 = -x*c + 6*c. Calculate the remainder when 31 is divided by c.
15
Suppose 3*p - 29 - 16 = 0. What is the remainder when 72 is divided by p?
12
Let t(r) = -2*r - 4. Let s(h) = -6*h - 4. Let n be s(3). Let u = 33 + n. Calculate the remainder when u is divided by t(-4).
3
Suppose -v + 5 - 3 = 0. Suppose 3*l + 0*j - 51 = 3*j, 0 = -2*l - v*j + 30. What is the remainder when 31 is divided by l?
15
Suppose 7*k - 3*k = 136. What is the remainder when 65 is divided by k?
31
Suppose 0 = -3*v - 36 + 123. Calculate the remainder when 142 is divided by v.
26
Let a(h) = 7*h**2 - 2*h - 1. Let t be a(-3). Let c = t + -40. Calculate the remainder when c is divided by 15.
13
Suppose 2*w + 14 = x, -w = -2*w - 2. What is the remainder when x is divided by 3?
1
Let z(p) = -p + 20. What is the remainder when 31 is divided by z(12)?
7
Suppose 5*x = 38 + 2. What is the remainder when 14 is divided by x?
6
Let t(d) = -d - 4. Let p be t(-7). Suppose -5*r + 2*u + 107 = 0, 4*u - 24 - 35 = -p*r. Suppose -33 = -4*v + v. Calculate the remainder when r is divided by v.
10
What is the remainder when 1*-3*(-1 - 10) is divided by (-36)/27*(-108)/8?
15
Suppose -10 = 4*t - 58. Calculate the remainder when 47 is divided by t.
11
What is the remainder when 55 is divided by 24/(-180) + (437/15 - 1)?
27
Suppose 7*i - 2*i = -30. Calculate the remainder when 55 is divided by -1*-2*(-57)/i.
17
Let v = 241 + -198. Let m be 1/(-3) + (-13)/(-3). Suppose 5*t + c - 10 = 42, 5*t - 43 = -m*c. What is the remainder when v is divided by t?
10
Let o = 95 + -26. What is the remainder when o is divided by 12?
9
Calculate the remainder when 2 + (-8 - -6) + 140 is divided by 16.
12
Suppose -5*x - 29 = 11. Let u(k) be the first derivative of -2*k**2 - 9*k - 1. What is the remainder when 67 is divided by u(x)?
21
What is the re